Let c be b(-2). What is the greatest common divisor of 140 and c?
20
Let a(l) = -16*l**3 + l**2 - 8*l - 11. Let k be a(-3). Let o = -278 + k. Calculate the highest common divisor of 16 and o.
16
Suppose -5*o - 1 = 9. Let n be (-3 + -13)/(o/8). Calculate the greatest common factor of n and 8.
8
Let z = -89 + 96. Suppose 3*n + 8 = z*n. What is the greatest common factor of 18 and n?
2
Let k(a) = -3*a - 47. Let g be k(-17). Suppose 7*w - 24 = g*w. What is the greatest common divisor of w and 64?
8
Let q(d) = 29*d**2 + 1. Let u(x) = x**2 - 20*x + 15. Let h be u(19). Let l be h/8*2*1. Let p be q(l). What is the greatest common factor of p and 10?
10
Let a(q) = -3*q - 3. Let o = -7 - -4. Let t be a(o). Let r = -1740 - -1755. Calculate the greatest common divisor of r and t.
3
Let g = -54 + 136. Suppose g + 198 = 4*r. What is the greatest common divisor of r and 10?
10
Suppose 0 = 4*k - 0 - 8. Let c(j) = j**3 - 2*j + 3. Let h be c(k). Let q be (22 - -1) + -1*2. Calculate the highest common factor of h and q.
7
Suppose 12 = 5*d - 3. Let f = d - -3. What is the highest common factor of 2 and f?
2
Let h = 710 - 608. Calculate the greatest common divisor of 578 and h.
34
Let s(j) = -j**3 + 25*j**2 - j + 77. Let g be s(25). Calculate the greatest common divisor of 4 and g.
4
Let a(h) = -h**3 - 9*h**2 - 8*h + 8. Let w be a(-8). Calculate the highest common factor of w and 32.
8
Let x be -2 + (-8)/6*99/(-22). Let v be (-9620)/(-40) - 2/x. Calculate the greatest common divisor of v and 96.
48
Let q be ((-66)/(-4))/((-6)/(-8)). Suppose -2*g - q = -5*j, 0*j - 4 = -2*j + 2*g. Calculate the greatest common factor of 15 and j.
3
Let n be (5 - (3 - 7))*-4. Let o be 16/(-6)*(-81)/n. Let m(h) = -h**3 - 5*h**2 + 3*h. Let k be m(o). What is the highest common divisor of k and 2?
2
Let o(q) = -q**3 - 4*q**2 - 6*q - 7. Let l be o(-3). Let p = -3 - -7. Calculate the highest common divisor of l and p.
2
Let s = 940 - 930. What is the highest common factor of s and 170?
10
Suppose 4195 + 1481 = 11*f. What is the highest common factor of f and 43?
43
Let f = 3 - 6. Let j be 4*f/(-3) - -104. Suppose -2*r + 63 = -2*i - i, 3*r + 3*i = 72. Calculate the highest common factor of r and j.
27
Let b(v) = -v + 17. Let t be b(0). Suppose 0 = 20*a - 22*a + 92. Suppose 3*j - 31 = -4*q + 22, a = 3*q + j. What is the highest common divisor of q and t?
17
Suppose 5*a - 77 - 3 = 0. Let t be 2/(-7) - (-148)/28. Suppose 2*z + 3*x = 45, 3*x - 2 = -t. What is the greatest common factor of a and z?
8
Let r be (-4)/(-10) + 1192/20. Let t = 6 + 54. Let a be 48/t - 71/10*-2. What is the greatest common factor of a and r?
15
Let t be (0 - 1148)*(-225)/150. Calculate the greatest common factor of 42 and t.
42
Let l = -219 + 415. Suppose 5*f - 3*y = 980, -f + 4*y - 9*y = -l. Calculate the greatest common divisor of 28 and f.
28
Let p(a) = a + 19. Let g(d) = -2*d - 39. Let u(n) = 3*g(n) + 7*p(n). Let i be u(12). What is the highest common factor of 14 and i?
14
Suppose -196 = 5*y - 736. Suppose 0 = 2*u + u - y. Suppose 248 - 80 = 14*h. Calculate the greatest common factor of h and u.
12
Let d = -8 - -16. Suppose -o = -2*k - 0*k - 2, -d = -4*o - 2*k. Suppose -o*z + 32 = 10. What is the greatest common factor of z and 55?
11
Suppose -44*o = -49*o - 3*x + 132, -3*x = -3*o + 84. What is the highest common factor of 1701 and o?
27
Let s = 86 - -28. What is the highest common divisor of s and 38?
38
Let c be 1 + -4 + 2 - -9. Let r = c - 5. Suppose -4*f = -r*f - 14. What is the highest common factor of 98 and f?
14
Let b be 15810/310*((-32)/(-6))/1. Calculate the greatest common factor of 16 and b.
16
Let v = -181 - -195. What is the greatest common factor of 322 and v?
14
Let u = -696 - -697. What is the highest common divisor of u and 41?
1
Suppose 0 = -5*h - 4*s + 3, 4*h + 0*h = -4*s. Let t(x) = x - 6. Let r be t(9). Suppose -r*l + 0*l = -18. Calculate the greatest common factor of h and l.
3
Suppose -33*w - 7*w = -2960. Calculate the highest common divisor of 407 and w.
37
Let a(b) = -30*b - 198. Let j be a(-27). Calculate the greatest common factor of 84 and j.
12
Let a(h) = h**2 + 5*h + 6. Let t be (-13)/(-2 - (-4)/4). Let g be (-536)/104 + 2/t. Let x be a(g). Calculate the greatest common factor of x and 6.
6
Suppose 5*s - 29 = 6. Suppose -5*w = -5, -s*w = -5*k - 3*w + 491. Calculate the highest common factor of k and 9.
9
Let l(j) = -j**3 + j + 2. Let c be l(0). Let q(g) = 4*g**2 - 2*g - 4. Let u be q(-3). Calculate the greatest common factor of c and u.
2
Let x(s) = -4*s - 9. Let l be x(-4). Suppose 0 = -v, -v = -2*a + 3*a - l. What is the highest common divisor of 14 and a?
7
Suppose -273 = -6*d + 147. What is the greatest common factor of d and 14?
14
Suppose 9 = -f + 8. Let m(h) = -33*h**3 + 2*h**2 - 1. Let u be m(f). What is the highest common divisor of u and 85?
17
Let w = -711 + 730. Suppose 0 = -3*d - 2*n + 53, 3*d - n - 61 = n. What is the highest common divisor of d and w?
19
Suppose -74*j + 8888 + 5098 = 0. What is the greatest common factor of 49 and j?
7
Suppose 8*n + 3 = 4*f + 3*n, 2*n = -f + 4. Let v(m) = -14*m. Let g be v(-2). Let a be g/(-35)*(-15)/2. Calculate the highest common divisor of a and f.
2
Let a be (-2)/4 + (-5)/(-2). Suppose -5*c = -5*v + a*v + 375, -12 = 4*c. What is the greatest common divisor of 48 and v?
24
Let s be (1*1/2)/(4/624). Suppose -5*z = -4*y + s, -4*z - 27 - 9 = -2*y. What is the highest common divisor of y and 154?
22
Suppose 0*s + 4*s = 32. Let g = 26 - 17. Suppose g*w - 4*w = 160. Calculate the highest common divisor of s and w.
8
Let c = 19 + -15. Let u be 0/(3/(-6)*c). Suppose u = -2*g + 95 - 9. Calculate the highest common factor of g and 86.
43
Let q(k) = -k**2 - 1. Let r(v) = -v - 1. Let a(t) = -q(t) - r(t). Let z be a(0). Suppose z*h = -2*h + 120. Calculate the greatest common factor of 6 and h.
6
Let b be 2/8 + 1650/24 + 3. Let a = b + 84. Calculate the greatest common divisor of 39 and a.
39
Let g be (-64)/960 - 6271/(-15). Calculate the greatest common divisor of 76 and g.
38
Let s be 9/(2/(-4) - -2). Suppose 56 = c + 2*t, -87 = -c - t - 26. What is the greatest common divisor of s and c?
6
Let d(c) = c + 16. Let m be d(-8). Suppose m*q - 720 = -10*q. What is the highest common divisor of q and 440?
40
Suppose 0 = 10*z - 3*z + 105. Let w = z + 24. What is the greatest common factor of 3 and w?
3
Let k be (-15)/(-5) - (1 - -1). Let z be 96/18 - k/3. Suppose 3*d - 39 = 3*m + 27, -z*m = -20. What is the highest common factor of 65 and d?
13
Let j = 4 + -9. Let s be (j/15)/((-5)/120). Calculate the highest common factor of 24 and s.
8
Suppose 2*f - 4*m - 184 = -2*f, 4*f = 3*m + 186. Suppose 10*o + 153 - 338 + 125 = 0. Calculate the highest common divisor of o and f.
6
Let u = 12 + 5. Suppose 0 = j - 2*v - 91, -2*v - 1 - 5 = 0. Calculate the highest common factor of u and j.
17
Let u be ((-28)/(-10))/((-7)/(-140)). What is the highest common factor of 504 and u?
56
Let r(b) = 2*b**3 - 2*b**2 + 59. Let t be r(0). Calculate the highest common factor of 1 and t.
1
Let b = 356 + -254. Suppose -t = 5*t - b. What is the greatest common divisor of t and 119?
17
Let b(w) = -4*w + 5. Let l be b(-6). Suppose 359 = -a - 4*a + 939. What is the greatest common divisor of l and a?
29
Suppose -36*o + 15569 = -4627. Calculate the greatest common factor of o and 66.
33
Suppose -5*u + 204 - 4 = 0. Suppose -5*f + h = -181, u = f - 3*h + 1. Let q be (16/30)/((-32)/(-144))*5. What is the highest common factor of q and f?
12
Let u = 604 - 488. What is the highest common divisor of 4 and u?
4
Suppose -3*j + 2*b = 3*b - 489, -5*j + 2*b = -804. Calculate the greatest common divisor of j and 18.
18
Let t(d) = -d**2 + 11*d - 9. Let i be t(9). Suppose 0*o + o = -2*s + 15, 0 = -o - 4*s + i. What is the greatest common factor of o and 189?
21
Suppose -g - 4*v = -7*v - 37, -4*g - 5*v = -199. What is the greatest common factor of g and 621?
23
Let y = 219 + -216. Calculate the highest common divisor of 17 and y.
1
Let k be (0 - -2)*2*(-153 - -159). Calculate the greatest common divisor of k and 8.
8
Let o be 49 + 0 + (-1 - -2). Suppose 173*p + 300 = 177*p. What is the highest common factor of p and o?
25
Suppose -r - 4 = 4*w + 11, 3*w + 15 = 0. Let f be 232/3 + r/(-15). Supp